r?
False
Suppose 4*m = m - b + 1, -m + 3 = -b. Let a be 1/(-3)*m*-3. Is ((-1)/a)/(1/(-19)) prime?
True
Let m = -13 - -18. Suppose -v + 0*v + 14 = -m*b, 2*v = -2*b + 4. Is (-410)/v*(-16)/8 a prime number?
False
Let x(p) = -29 + 31 + 54*p - 21. Is x(12) a prime number?
False
Suppose -4*d - 6818 = -z - 8*d, -5 = -5*d. Is z a composite number?
True
Suppose 0 = j - 15*j + 98. Suppose -5*h = -2*b + 254, 4*h - j = -b + 120. Is b a prime number?
True
Let x = 1589 + -844. Suppose -204 = n - x. Is n a composite number?
False
Let w be 4/(-1) - (1 + -3). Let x be ((-6)/(-12))/(1/w). Is (-98)/x - (-2)/(-2) a composite number?
False
Suppose -17*w + t - 9872 = -21*w, 3*w = -4*t + 7417. Is w composite?
False
Let x(v) = -v**2 - 8*v + 6. Let o be x(-8). Let i = -25 - -16. Is o/18 + (-5676)/i a prime number?
True
Let r(q) = 230*q - 29. Is r(16) a composite number?
True
Let o(s) = 127*s**2 - 4*s - 32. Is o(-5) prime?
True
Let i = 479 - -488. Is i a prime number?
True
Let i = 32 - 56. Let l = i - -62. Is l a composite number?
True
Let j(a) = 44*a**2 + 6*a - 19. Let t be 75/20 + (-1)/(-4). Is j(t) a composite number?
False
Let o = -6 + 17. Suppose -6*g = -o*g + 435. Is g a composite number?
True
Let a(q) = -339*q - 72. Is a(-5) a prime number?
False
Suppose -3*n - 1162 - 83 = -2*i, -3*i = -2*n - 1875. Suppose -i = -6*q - 45. Is q prime?
True
Suppose 0 = 4*c - 2*r - 2*r - 2020, c + 5*r - 505 = 0. Is c prime?
False
Suppose 707*c - 2030958 = 689*c. Is c a prime number?
True
Let p = 1004 + 1575. Is p composite?
False
Let v(s) be the first derivative of -4 + 241*s**2 + s + 1 - 84*s**2. Is v(3) a prime number?
False
Let u(h) = -113065*h**3 + h**2 + 2*h + 1. Is u(-1) prime?
False
Suppose 0*i = -2*i - 2. Let p(h) = -30*h**2 - 3*h - 2. Let r be p(i). Let s = r - -64. Is s a composite number?
True
Suppose 0*o + 3*o + 18 = 0. Is o/(-4)*(-9210)/(-45) composite?
False
Suppose -5*h + 28990 + 64005 = 0. Is h prime?
False
Let o(d) = -21*d + 11. Let h be 33/(-22) + 3/(-2). Let s(y) = 4*y + 4. Let j be s(h). Is o(j) composite?
False
Let i(p) = 2*p**3 - 29*p**2 + 15*p - 50. Is i(21) a prime number?
False
Let d = -3243 - -7340. Is d a prime number?
False
Let z = 23 - 16. Suppose -z - 18 = -5*w. Suppose -w*o + 2843 = -72. Is o prime?
False
Suppose 123 = 4*q - 1177. Suppose 4*n - 127 = -k, 3*k + n - 3*n = q. Is k a prime number?
False
Let f be 5*(-3 - 76/(-20)). Suppose -4*u = -y + 2836, f*y - 2*y = -3*u + 5639. Let a = y + -1907. Is a composite?
True
Let i(w) = -206*w**3 + 16*w**2 + 33*w - 17. Is i(-4) a composite number?
False
Suppose 4*c - 2*h + 0 - 4 = 0, h = -c + 4. Suppose -c*o - 34 = -182. Is o prime?
False
Suppose 2*k - 3*d = -7 - 24, -k - 8 = d. Let o(m) = m**3 - 2*m. Let s(h) = h**3 - 9*h**2 + 7*h + 13. Let f(j) = -2*o(j) + s(j). Is f(k) prime?
False
Let k = -23 - -23. Suppose -2*s - v = -2228, 0 = -k*s + 3*s - 3*v - 3333. Suppose s = 4*t + 3*t. Is t a prime number?
False
Let r be 1 + 1 - ((-7 - -4) + 30). Let i = 51 - 13. Let g = r + i. Is g composite?
False
Suppose 0 = 2*o + 3*u - 1157, 159 = 2*o + 4*u - 995. Is o a prime number?
False
Let h be -24*(-2 + 4/3). Suppose -2*s - 2*s = -h. Is ((-6)/s)/(24/(-400)) a composite number?
True
Let q be (1 - -9)/5 + 1. Suppose -5*t + 2*t - q*z = -2973, 5*z = 4*t - 3982. Is t composite?
True
Let x(i) = 53*i**2 + 4*i - 11. Let o be x(-7). Suppose 0 = -3*b - w + o, -4*w = -4*b + 1440 + 1944. Is b a prime number?
False
Let w = -2 - -5. Let n(y) = -y**3 + 3*y**2 - 2*y + 2. Let z be n(w). Is (5 + -7)*194/z a prime number?
True
Suppose 0 = -7*b + 31663 - 3614. Is b prime?
True
Let x = -88 + 90. Suppose 0 = 3*y - x*a - 99, 4*a = -y - 5 + 24. Is y composite?
False
Suppose 2 = m + 16. Let a = m - -2. Is 46/6 + 8/a prime?
True
Let d = 31 - 25. Suppose 3*b - 5*y + d = 0, 0 = -b + 2*y - 0*y - 2. Is 3 - (-340 + 4) - b a prime number?
False
Let v be 3/15 + (-267)/(-15). Let k = 3 + v. Is (-1040)/(-7) + 9/k a prime number?
True
Suppose -4*k + 11805 = -3*x, 9 = -5*x - 6. Is k/(-2)*18/(-27) prime?
True
Suppose t = -a - t + 2, -3*a = -4*t - 6. Suppose -a*u + 0*u = 0. Suppose u*m = 3*m - 69. Is m composite?
False
Suppose -3632 = -2*i + 2*h, 0 = -3*i + 4*i - 5*h - 1812. Is i prime?
False
Suppose 3*y - 19023 = 4*q - 6022, 4*y - 17323 = 3*q. Is y a prime number?
True
Let c = 4959 + -1754. Is c a composite number?
True
Suppose 0 = 16*w - 1026 - 430. Suppose -5*o - 47 = -3*v, 82 = 4*v - v + 2*o. Let x = w - v. Is x a prime number?
True
Let d = -5247 - -7420. Is d a prime number?
False
Let g = -1983 - -3676. Is g composite?
False
Suppose -4*q + 6598 = -20*u + 18*u, -3*q + 4943 = 4*u. Is q a composite number?
True
Let t be 2/(1*(0 + 2/(-136))). Let p = t - -279. Is p a composite number?
True
Suppose 0 = -4*u - 2*t + 110, -20 = -2*t - 2*t. Let x = u + 24. Is x prime?
False
Let l(t) = 15*t**2 - 3*t - 5. Suppose -4*a = 5*b + a + 35, 3*b + a = -13. Is l(b) composite?
False
Suppose 5*p + t - 13264 = 0, -3*t + 13262 = 5*p - 0*t. Is p composite?
True
Suppose -g + 560 = 5*t, 2*t + 3*g - 231 = 4*g. Suppose -3*j - 40 = -7*j. Let m = t - j. Is m a prime number?
True
Let p be (8/12)/(1/15723). Let i = 95 + p. Is i prime?
False
Suppose -5 = 5*v, -65904 = -z + 28*v - 33*v. Is z composite?
True
Let k(q) = 561*q**3 - 2*q**2 + 5*q - 3. Is k(2) prime?
False
Let f be (-234 - (0 - -2))*51/(-2). Suppose -9522 = -3*w - 5*n - 545, -f = -2*w + 5*n. Is w a composite number?
False
Suppose -x - 2*m + 5187 = 0, -x + 5071 + 92 = -4*m. Is x composite?
False
Let w(q) = -1554*q + 65. Let y be w(-5). Suppose -3*i - 28862 = -5*s, -3*s + 25149 = -5*i + y. Is s prime?
False
Suppose 5 = p + 2. Let s(l) = -l**2 + 6*l - 3. Let g be s(p). Is ((-1420)/g)/((-2)/3) a composite number?
True
Let f(r) = -r**2 - 5*r + 11. Let c be f(-6). Suppose -4*v - c = -5*v. Let t(i) = i**3 - i**2 - 5*i + 7. Is t(v) composite?
True
Let l(v) = 2*v**3 + v + 1554. Let w be l(0). Is (0 - -4) + w/14 composite?
True
Suppose t + 5*d = 820 - 38, -4*t + 5*d = -3078. Suppose -5*k = -2*p + t, 4*k = p - 110 - 273. Is p a prime number?
False
Let w be ((-74)/(-4))/(2/8). Suppose 48 = g + 25. Suppose b - g = w. Is b prime?
True
Let m = 225 - 331. Let j = m - -159. Is j composite?
False
Suppose 1003 = 3*g + 5*f, 2*f - 1027 = -3*g + 3*f. Is g a composite number?
True
Suppose -3*p - p - 4 = 0. Let m(s) = 88*s - 2. Let c be m(p). Is (-12)/c - 1363/(-15) a prime number?
False
Let y(g) = 442*g**2 + 15*g + 1. Is y(-2) composite?
True
Let k = 469 + -75. Is k composite?
True
Suppose -m - 3*m + 78 = 2*b, m - 135 = -4*b. Let n = b - -16. Is n composite?
True
Let c = -14 + 14. Suppose c = 3*p - 11 - 4. Suppose v - p*a = 328, 4*a + 4 + 16 = 0. Is v a prime number?
False
Let k = 17 - 14. Let t be 12/36 - 1/k. Suppose t = 3*i + 106 - 343. Is i composite?
False
Suppose -3*f + 2*f = -1, -5*v + 80433 = -2*f. Is v prime?
True
Let i be (-2)/(-8) - 1/4. Let c = 651 + -576. Suppose i*k - c = -5*k. Is k a prime number?
False
Let p(l) = 1863*l + 128. Is p(13) composite?
True
Let g(f) = -7*f + 6*f + 101 + 108. Is g(0) prime?
False
Let u = 5069 - -20. Is u prime?
False
Suppose -4*h = -5*l - h + 1653, 4 = h. Is (l + -2)*(5 - 4) a composite number?
False
Let i = 21 - 17. Suppose -5997 = -i*c - 3*x, -x - 2*x - 1503 = -c. Suppose 2*m + c = 2*d, -m = -4*d - 0*m + 3003. Is d prime?
True
Suppose 5*n - 2*n + 5*x + 24 = 0, 4*x - 8 = n. Let l(q) = -q - 8. Let z be l(n). Suppose -5*p + 655 = -z*p. Is p composite?
False
Let n(w) = -3 + 7 + 5*w + 9*w + w. Let u be n(9). Let a = 19 + u. Is a a prime number?
False
Let d(y) = -7*y**2 - 44*y + 38. Let v(o) = 3*o**2 + 22*o - 19. Let j(k) = 4*d(k) + 9*v(k). Is j(15) composite?
True
Let n(o) be the first derivative of -o**2/2 - 9*o - 6. Let q be n(-11). Suppose 2*u + q*u - 2*l = 328, 2*u + l - 164 = 0. Is u a composite number?
True
Let t(w) = -w**2 + 5 + 15 + 2*w + 3*w + 2*w. Let c be t(9). Suppose -c*l = -282 - 892. Is l a composite number?
False
Let k = -6906 - -28817. Is k composite?
False
Let a(j) = 13*j**3 + 13*j**2 + 6*j - 3. Is a(4) prime?
True
Suppose 5*c - 468 = -m + 104, -5*m + 2860 = -3*c. Suppose 3*q + m = q. Let b = q + 419. Is b a composite number?
True
Let w(r) = 3150*r**2 + r. Let s be w(1). Is s + (-2 - 2/(-1)) prime?
False
Let i = -1759 - -3214. Suppose f = 4*f + 3*q - i, 4*q = -5*f + 2429. Suppose 0 = -d - 2